 - 0 - 16*-2?
3, 11
Let n(i) = -32*i - 68. What are the prime factors of n(-3)?
2, 7
Let t(c) = 24*c**2 + 3*c - 146. List the prime factors of t(-16).
2, 5, 7, 17
Let m be 2/10 + 1 + 22/(-10). List the prime factors of -1 + (31 - 0 - m).
31
Suppose -5*c + h - 2414 + 7036 = 0, 4*h = -8. List the prime factors of c.
2, 3, 7, 11
Let c(d) = -12 - d + 3 + 34*d. Let h be c(4). Let s = -71 + h. List the prime factors of s.
2, 13
Let o(u) = 2*u**3 + u**2 - 2*u + 1. Let r = -10 + 11. Let z be o(r). Suppose 4*f - z = 38. List the prime factors of f.
2, 5
Let z = 2591 - 259. List the prime factors of z.
2, 11, 53
Suppose 15 = 5*f - 0*f. Suppose f*m = -2*m + 25. What are the prime factors of m?
5
Suppose -p = p + a - 3, 3*p - 7 = -a. Suppose -3*i - 80 = -5*v, 0*i - 3*i - 61 = -p*v. List the prime factors of v.
19
Suppose 15*i = -2576 + 19826. What are the prime factors of i?
2, 5, 23
Suppose 57 = 4*j + 201. Let l be j*(2 + (-10)/4). Let h = l + 0. What are the prime factors of h?
2, 3
Suppose 4*c + 0*c - 40 = -5*k, -c + 17 = 3*k. Let j be (1 + 4)*(-4 + c). Suppose 76 = j*o - o. List the prime factors of o.
19
Let k(p) = -p**3 + 5*p**2 + p - 3. Let m be k(5). Suppose -2*h - 4*c + 112 = 0, -m*c = -3*h + 3*c + 201. What are the prime factors of h?
2, 31
Suppose 6*k - 3101 = -k. Suppose 0 = -5*v + 1693 - k. List the prime factors of v.
2, 5
Let w(y) = 6*y**2 - 18*y - 13. List the prime factors of w(6).
5, 19
Suppose 4*l + 0*g - 4 = 2*g, 5*l + 5*g - 20 = 0. Let f(x) = -6*x**2 - 6 + x**l + 4*x**2 + 14*x. List the prime factors of f(9).
3, 13
Let k = -281 - -436. Let y = k + -84. List the prime factors of y.
71
List the prime factors of 18/99 - (-19171)/11.
3, 7, 83
Suppose 84 = -f + 5*f. Suppose -s + f = -30. List the prime factors of s.
3, 17
Let w(b) = -b - 6. Let z be w(0). Let v(y) = 7*y**2 + 8*y + 23. List the prime factors of v(z).
227
Let b be 1*(-1)/(3/(-6)). Suppose b*y + g = 594, 3*g = -2*y + 607 - 9. What are the prime factors of y?
2, 37
Suppose -17 = -5*v - 7. Let n(h) = 20 + 0*h**2 - h**3 - 3*h**2 + v*h**2. List the prime factors of n(0).
2, 5
List the prime factors of 15 - 21 - 11*-41.
5, 89
Let y = -12 + -21. Let i = 140 + y. List the prime factors of i.
107
Let w(a) be the second derivative of -a**3/6 + 42*a**2 - 20*a. What are the prime factors of w(0)?
2, 3, 7
Let g be 2/(-8) - 897/12. Suppose 2*a - 187 = 5*f, 3*a + 5*f = -0*a + 343. Let w = g + a. What are the prime factors of w?
31
Let s = 93 - 90. Suppose 5*t - 781 = t + s*b, -4*t + 2*b = -786. What are the prime factors of t?
199
Let c(p) = 114*p**2 + 226*p**3 - 117*p**2 + p - 60*p**3. List the prime factors of c(1).
2, 41
Let b = 155 + -150. Suppose 0 = 2*r - b*c - 411, 735 + 302 = 5*r - 3*c. List the prime factors of r.
2, 13
Suppose b = 5*m + 3*b - 96, 2*b - 6 = 0. Let h be (2/4*4)/(2/5). List the prime factors of (h + -15)/((-4)/m).
3, 5
Let l(b) = 71*b**2 - b. Suppose 0 = -4*o - f + 8, o + 2*o - 23 = -5*f. What are the prime factors of l(o)?
2, 5, 7
Let z be (-20)/8*4/(-5). Let s(g) = 4 - z*g - 2*g + 3*g. List the prime factors of s(-3).
7
Suppose -1 + 3 = 4*j + 2*u, 5*u = 4*j - 37. Suppose -j*n - 5*k = -51 - 155, -2*n - k + 128 = 0. List the prime factors of n.
2, 31
Let p(s) = -s**3 + s**2 + s + 7. Let z be p(0). Let w = z + 2. Suppose -2*x + 43 + w = 0. What are the prime factors of x?
2, 13
Let h = 134 + 662. What are the prime factors of h?
2, 199
Let y(c) = -c**2 + 14*c - 32. Let q be y(11). List the prime factors of (-4)/(6 + -2) + q + 51.
3, 17
Let f(p) = -p**2 + 5*p + 10. Let b(r) = -r**2 + 6*r + 11. Let z(q) = -6*b(q) + 7*f(q). Let o be z(0). Suppose 61 - 13 = o*j. What are the prime factors of j?
2, 3
Let f(k) = 2*k**2 - 6*k + 9. List the prime factors of f(19).
617
Let b(p) = p**2 + 7*p + 8. Let n be b(-6). Suppose -2*y - s = 9, -n*s = -0*y + 5*y + 24. List the prime factors of 3/y + (-198)/(-12).
2
Suppose 0 = 4*f + 4*w - 52, 0 = 4*f - w - 2*w - 17. Let i be -7 + 2 + (-4 - -2). Let b = f - i. List the prime factors of b.
3, 5
Let a be (8/16)/((-1)/(-202)). Suppose 55 = 2*s - a. What are the prime factors of s?
2, 3, 13
Let f = 762 - 263. List the prime factors of f.
499
Suppose 0 = -2*i - 2*u, -i = 4*u + 4 + 2. Suppose -m - i*v = -61, -5*m + v = -v - 317. What are the prime factors of m?
3, 7
Let g = 1 + 3. Suppose -146 - 370 = -g*z. What are the prime factors of z?
3, 43
Let a(t) be the third derivative of -1/2*t**3 + 0*t + 0 - t**2 + 1/24*t**4. List the prime factors of a(14).
11
Let j(m) = -27*m - 12. Let a be j(-6). Suppose 96 = 4*w + 5*y - 7, -5*w - 2*y = -a. List the prime factors of w.
2
Suppose -27*p + 30525 = -16*p. What are the prime factors of p?
3, 5, 37
Let n = 37 - 34. Suppose -2*g + 10 = 0, -n*v + 5*g + 298 = 4*g. What are the prime factors of v?
101
What are the prime factors of 3/(-6)*6520/(-10)?
2, 163
Let v = -70 - -87. Suppose t + 2 = 7. Let d = v - t. What are the prime factors of d?
2, 3
Suppose -3*b + 0*b = -2*k - 684, b + k = 223. List the prime factors of b.
2, 113
Let a = 1 - 1. Suppose 3*h - 3 = 0, -3*d = -a*d + 5*h + 1. What are the prime factors of ((-21)/14)/(d/28)?
3, 7
Let r(p) = p**2 - 9*p - 16. Suppose -17 - 52 = -4*w + 5*h, -w = -3*h - 26. What are the prime factors of r(w)?
2, 3
Suppose 178 = -7*r - 39. Let h = 31 + r. Suppose h = -2*f + t + 52, 3*f + t = 2*t + 76. What are the prime factors of f?
2, 3
Let f = -1479 + 2090. What are the prime factors of f?
13, 47
Let q(m) = m**3 + 8*m**2 - 4*m - 2. Let l(t) = t**2 - 8*t + 10. Let i be l(4). What are the prime factors of q(i)?
2, 47
Let m be (-2 - -1)*1 - 1*-73. Let c = m - 40. What are the prime factors of c?
2
Let u = 66 - 28. Suppose u*t - 36*t - 266 = 0. List the prime factors of t.
7, 19
Let y(h) = -9*h**3 - h**2 + h - 2. Let g(r) = 19*r**3 + 2*r**2 - 2*r + 5. Let a(n) = -4*g(n) - 9*y(n). What are the prime factors of a(2)?
2, 5
Suppose -1 = -5*b - i + 2, -3*i = -3*b + 9. Let h(f) = -f - 2. Let n be h(b). List the prime factors of 14 - n/6*6.
17
Let b(s) = 5*s**2 + 10*s + 84. What are the prime factors of b(-13)?
17, 47
Let x(z) = -5*z**2 + 5*z**2 - 3*z + 2 + 3*z**3. List the prime factors of x(1).
2
Suppose 3*y - 4*x - 68 = 0, -2*x = -2*y + x + 46. Suppose 2*k = -k - 3*h + 3, 2*h = -5*k + y. Suppose 0 = o - 20 - k. List the prime factors of o.
2, 13
List the prime factors of ((-78)/(-26))/(2*3)*990.
3, 5, 11
Suppose 0 = c - 2, 2*t - 3*c = 5*t - 42. Suppose n + 7 = t. List the prime factors of 35/n + 1 + 3.
11
Let m(b) = b**3 - 14*b**2 + 2*b + 28. What are the prime factors of m(23)?
5, 967
Let z(g) = -56*g - 4. Let o = -22 + 21. List the prime factors of z(o).
2, 13
Let p(a) = a**2 + 7*a - 7. Let i(s) = s**3 + 2*s**2 + s + 1. Let r be i(-3). What are the prime factors of p(r)?
37
Let n(q) be the second derivative of -q**5/20 + q**4/2 - q**3/2 + 9*q**2/2 + 22*q. What are the prime factors of n(5)?
19
Let p = -182 - -529. Suppose 52 = 7*c - p. What are the prime factors of c?
3, 19
Suppose -4*n = -5*x - 4089, 4*n - 5689 = -3*x - 1576. List the prime factors of n.
2, 3, 19
List the prime factors of (18/27*4149)/2.
3, 461
Suppose -3*v + 2181 = 3*x, 0 = 26*x - 27*x - 2*v + 728. What are the prime factors of x?
2, 3, 11
Let o(z) = -z**3 + 17*z**2 + 2*z - 7. Suppose 0*g = 3*g - 51. What are the prime factors of o(g)?
3
Let j be 0 + 31*3 + -2. Let z = 368 - 240. Let i = z - j. What are the prime factors of i?
37
Suppose -4*l + 5086 = 2*s, 5*l = 5*s + 1819 + 4501. List the prime factors of l.
3, 47
Let r(k) = -13 - 4*k + 3 + 8*k. What are the prime factors of r(4)?
2, 3
Suppose t + 2*w + 2*w - 3 = 0, -t - 3*w = -6. Suppose -5*z - 5*s = -z - 60, 4*s = -z + t. List the prime factors of z.
3, 5
Let r = 923 + 841. What are the prime factors of r?
2, 3, 7
Let b(r) = r**3 + 8*r**2 + 5 + 14*r - r**2 - 8*r. Let x be b(-5). Let l = 44 - x. List the prime factors of l.
19
Let y be (-16)/(-10) + (-2)/(-5). Suppose 5*j + 2*o = 271, 3*j + y*o - 222 = -61. List the prime factors of j.
5, 11
Let g(n) = n**3 + 10*n**2 + 9*n + 14. Let s(p) = -p**3 + p**2 + p - 9. Let c be s(0). List the prime factors of g(c).
2, 7
Let z(y) = 5*y**3 + 2*y**2 - 2*y - 2. Suppose -m + 11 = 4*v - 7, -4*m + 4*v = 28. Let o be z(m). Let j = -15 - o. List the prime factors of j.
3, 5
Let v = 1209 + -741. Let q = v - 242. List